{"id":1889,"date":"2019-12-31T17:36:00","date_gmt":"2019-12-31T16:36:00","guid":{"rendered":"http:\/\/nathreparation.com\/?page_id=1889"},"modified":"2020-11-03T07:27:05","modified_gmt":"2020-11-03T06:27:05","slug":"concept-nath-reparation","status":"publish","type":"page","link":"https:\/\/nathreparation.com\/index.php\/concept-nath-reparation\/","title":{"rendered":"Le concept"},"content":{"rendered":"<p>[vc_row full_width=&#8221;stretch_row&#8221; cms_row_overflow=&#8221;off-overflow&#8221; css=&#8221;.vc_custom_1577972813073{padding-top: 150px !important;}&#8221;][vc_column width=&#8221;5\/12&#8243; css=&#8221;.vc_custom_1538558312795{margin-bottom: 20px !important;padding-right: 0px !important;}&#8221;][vc_single_image image=&#8221;908&#8243; img_size=&#8221;585&#215;892&#8243; style=&#8221;image-radius&#8221; css=&#8221;.vc_custom_1577797025812{padding-top: 59px !important;}&#8221;][\/vc_column][vc_column width=&#8221;7\/12&#8243; css=&#8221;.vc_custom_1548833688779{padding-top: 8px !important;}&#8221; el_class=&#8221;n-padding-md&#8221;][vc_row_inner css=&#8221;.vc_custom_1548659399614{padding-bottom: 17px !important;}&#8221;][vc_column_inner][fr_heading cms_template=&#8221;fr_heading&#8211;layout1.php&#8221; title=&#8221;Comment \u00e7a marche ?&#8221; sub_title=&#8221;NATH REPARATION COUVRE TOUT PARIS ET SES ALENTOURS&#8221;][\/vc_column_inner][\/vc_row_inner][vc_column_text]Vous rencontrez un probl\u00e8me avec votre iPhone ?<\/p>\n<p>Quel que soit l&#8217;endroit o\u00f9 vous \u00eates, sur Paris ou sa proche banlieue, Nath est \u00e0 <span style=\"color: #e62938;\"><strong>moins de 30 minutes de vous<\/strong><\/span>.<\/p>\n<p>Il suffit de l&#8217;appeler au <strong><span style=\"color: #e62938;\">06 18 18 68 68<\/span>\u00a0<\/strong>et de lui expliquer votre probl\u00e8me. Il vous propose un tarif et une plage horaire par t\u00e9l\u00e9phone. D\u00e8s votre validation, il se met en route. Le t\u00e9l\u00e9phone est r\u00e9par\u00e9 <span style=\"color: #e62938;\"><strong>sur place et sous vos yeux<\/strong> en <strong>moins de 20 minutes<\/strong><\/span>. Rapidit\u00e9 et qualit\u00e9 sont de mise. Alors n&#8217;attendez plus, vous avez trouv\u00e9 le Super-h\u00e9ros dont votre t\u00e9l\u00e9phone a besoin.[\/vc_column_text][vc_row_inner css=&#8221;.vc_custom_1548659559106{padding-top: 8px !important;}&#8221;][vc_column_inner][fr_button button_text=&#8221;Je prends RDV&#8221; button_link=&#8221;url:http%3A%2F%2Fnathreparation.com%2Findex.php%2Fcontact%2F|||&#8221; margin_top=&#8221;10px&#8221;][\/vc_column_inner][\/vc_row_inner][\/vc_column][\/vc_row]<\/p>\n","protected":false},"excerpt":{"rendered":"<p>[vc_row full_width=&#8221;stretch_row&#8221; cms_row_overflow=&#8221;off-overflow&#8221; css=&#8221;.vc_custom_1577972813073{padding-top: 150px !important;}&#8221;][vc_column width=&#8221;5\/12&#8243; css=&#8221;.vc_custom_1538558312795{margin-bottom: 20px !important;padding-right: 0px !important;}&#8221;][vc_single_image image=&#8221;908&#8243; img_size=&#8221;585&#215;892&#8243; style=&#8221;image-radius&#8221; css=&#8221;.vc_custom_1577797025812{padding-top: 59px !important;}&#8221;][\/vc_column][vc_column width=&#8221;7\/12&#8243; css=&#8221;.vc_custom_1548833688779{padding-top: 8px !important;}&#8221; el_class=&#8221;n-padding-md&#8221;][vc_row_inner css=&#8221;.vc_custom_1548659399614{padding-bottom: 17px !important;}&#8221;][vc_column_inner][fr_heading cms_template=&#8221;fr_heading&#8211;layout1.php&#8221; title=&#8221;Comment \u00e7a marche ?&#8221; sub_title=&#8221;NATH REPARATION COUVRE TOUT PARIS ET SES ALENTOURS&#8221;][\/vc_column_inner][\/vc_row_inner][vc_column_text]Vous rencontrez un probl\u00e8me avec votre iPhone ? Quel que soit l&#8217;endroit o\u00f9 vous \u00eates, sur Paris [&hellip;]<\/p>\n","protected":false},"author":1,"featured_media":0,"parent":0,"menu_order":0,"comment_status":"closed","ping_status":"closed","template":"","meta":[],"_links":{"self":[{"href":"https:\/\/nathreparation.com\/index.php\/wp-json\/wp\/v2\/pages\/1889"}],"collection":[{"href":"https:\/\/nathreparation.com\/index.php\/wp-json\/wp\/v2\/pages"}],"about":[{"href":"https:\/\/nathreparation.com\/index.php\/wp-json\/wp\/v2\/types\/page"}],"author":[{"embeddable":true,"href":"https:\/\/nathreparation.com\/index.php\/wp-json\/wp\/v2\/users\/1"}],"replies":[{"embeddable":true,"href":"https:\/\/nathreparation.com\/index.php\/wp-json\/wp\/v2\/comments?post=1889"}],"version-history":[{"count":12,"href":"https:\/\/nathreparation.com\/index.php\/wp-json\/wp\/v2\/pages\/1889\/revisions"}],"predecessor-version":[{"id":2013,"href":"https:\/\/nathreparation.com\/index.php\/wp-json\/wp\/v2\/pages\/1889\/revisions\/2013"}],"wp:attachment":[{"href":"https:\/\/nathreparation.com\/index.php\/wp-json\/wp\/v2\/media?parent=1889"}],"curies":[{"name":"wp","href":"https:\/\/api.w.org\/{rel}","templated":true}]}}